 = 2*v - 5*u - 1590, 12*v = 15*v + 4*u - 2385. What is the hundreds digit of v?
7
Suppose -5*c + 56 = j - 20, -2*c = 0. What is the units digit of j?
6
Let r(c) be the third derivative of -c**6/120 + 4*c**5/15 + c**4/6 + 13*c**3/2 + 14*c**2. What is the hundreds digit of r(16)?
1
Suppose 2*i + 4*h = 5314, -5406 = -3*i - 3*h + 2577. What is the thousands digit of i?
2
Let o = 3525 + -1793. What is the hundreds digit of o?
7
Let w be ((-11)/(-9) - 1) + (-20)/9. Let j(n) = -91*n + 12. What is the units digit of j(w)?
4
Suppose 4*n - 7*n = -30. Suppose -951 = -n*y + 749. What is the hundreds digit of y?
1
Let a be ((-172)/(-6))/((-14)/(-21)). Let d = -38 + a. What is the units digit of d?
5
Suppose 15*i - 4866 + 1761 = 0. What is the tens digit of i?
0
Let s(u) = -u**3 + 11*u**2 + 25*u - 20. What is the tens digit of s(8)?
7
Let n = 396 + 26. What is the units digit of n?
2
Suppose -3*w + 5877 = 3*j, 10*j - 2*w - 9823 = 5*j. What is the hundreds digit of j?
9
Let d(g) = g**2 + 5*g + 7. Let c be d(-4). Suppose c*t + 5 = -2*t. Let b = t - -10. What is the units digit of b?
9
Suppose -3*z + r = -2019, z + r = 22 + 647. Suppose -336 = -2*p - 5*j, 4*p + j - z = 6*j. What is the hundreds digit of p?
1
Let i = -1909 + 3387. What is the hundreds digit of i?
4
Suppose 3*x = -2*x + 5*b + 3060, -7*b + 28 = 0. What is the tens digit of x?
1
Let d(n) = n**2 - 11. Suppose 2*u + 27 = 5*c - u, 0 = c - 4*u - 2. What is the units digit of d(c)?
5
Let n be 94/3 + (-6)/18. Let a = -12 + n. What is the tens digit of a?
1
Let i = -511 - -598. What is the tens digit of i?
8
Let h be (-804)/(-48) - 2/(-8). Let r = h + -12. What is the tens digit of (-4)/8*-8*r?
2
Suppose 10*p = 6*p. Suppose -156 = -2*y + k, p*k - 78 = -y - k. Let b = -39 + y. What is the tens digit of b?
3
Let c = -66 + 62. What is the units digit of (-15)/c*(-80)/(-15)?
0
Let q(i) = -2*i + 4 + 2*i**2 - 2*i - 78*i**3 + 81*i**3. What is the tens digit of q(4)?
1
Suppose -8 = y - 0*y + 3*a, 2*y + 5*a + 13 = 0. Let v be 6/y*(-208)/(-6). What is the units digit of v/12 - 1/3?
7
Let n = 969 - 546. What is the hundreds digit of n?
4
Suppose 1888 = -4*i + 5504. What is the units digit of i?
4
Suppose -5645 = -11*l + 1164. What is the hundreds digit of l?
6
Let n = 61 - 76. What is the units digit of (48/54*n)/(2/(-6))?
0
Let s be (10/30)/(2/66). Let w = 19 - s. Suppose 3*o + 140 = w*o. What is the tens digit of o?
2
Suppose -4*z - 513 + 1446 = v, -3*v + 2747 = -z. What is the units digit of v?
7
Let w(o) = -3*o + 3 + 28*o - 12*o - 7*o. Let h(l) = -l**3 - 6*l**2 - 2*l - 9. Let v be h(-6). What is the tens digit of w(v)?
2
Let l = 1 + -56. Let s be (-5)/1*2024/l. Suppose 3*f = -2*y + 60, -4*y + f = y - s. What is the tens digit of y?
3
Let d = 125 - 221. Let m = 204 + d. What is the tens digit of m?
0
Let o(y) = -y**3 + 5. Let a be o(0). Suppose -a*u = -4*s - 130, -4*s - 5 - 81 = -3*u. What is the tens digit of u?
2
Suppose -t - 2*q + 197 = 0, -712 = -3*t - q - 126. What is the hundreds digit of t?
1
Let b(h) = -5*h - 2. Let l = -28 + 28. Let s be (-18 + 6)/(1 - l). What is the tens digit of b(s)?
5
Let y(b) = -3*b**3 - b**2 - 2*b - 1. Let v be y(-1). Let l be (-6)/v + (1 - -3). Suppose l*r = 31 + 61. What is the tens digit of r?
4
Let l(i) = -72*i + 25. What is the units digit of l(-1)?
7
Let t be 30 - ((-9)/6 + 2/(-4)). Suppose -33*a + 30 = -t*a. What is the tens digit of a?
3
Let o = 479 + -377. What is the tens digit of o?
0
Let u = 53 - 29. Suppose u = -t - t. Let g = 32 + t. What is the units digit of g?
0
Let n(t) = -t**2 + 56. Let g be n(0). Suppose 0 = u + u - g. What is the units digit of u?
8
Let u be 2/(-5*(-4)/2090). Suppose -149 = -3*i - 2*a, a + u = 3*i + 54. What is the units digit of i?
1
Let z(g) = -3*g + 15. Let p be z(-9). Let r = 17 + -3. Let u = p - r. What is the tens digit of u?
2
Let d(k) = 371*k**3 + k - 2. What is the units digit of d(1)?
0
Suppose 3*a + 4*b - 335 = 4631, -4968 = -3*a - 3*b. What is the hundreds digit of a?
6
Suppose 0 = 3*p - 5*p + 40. Let h be (96/18)/(-4)*(-1 - -4). Let c = p + h. What is the tens digit of c?
1
Let n = -352 - -572. Suppose -p - n = -6*p. What is the units digit of p?
4
Suppose -2*v - 6*r + 14 = -4*r, -3*r = 5*v - 41. Let q(s) = s - 8. Let u be q(3). What is the units digit of (-2)/u - (-116)/v?
2
Let z(i) be the third derivative of i**5/60 + i**4/3 + 7*i**3/6 + 6*i**2. Let o be z(9). What is the units digit of (o/(-25))/(3/(-15))?
2
Suppose 3*g - 7 = 8. Let o(z) = 4*z**2 + z - 5. Let l(a) = 2*a**2 - 3. Let h(v) = g*l(v) - 2*o(v). What is the tens digit of h(4)?
1
Let q(p) = 4*p - 24. Let w be (5/2)/(7/14). Let s(f) = -7*f + 47. Let c(t) = w*q(t) + 3*s(t). What is the units digit of c(0)?
1
Suppose -3*d - 2*d - 2*u = 275, 3*d + 4*u = -165. Let h = -12 - d. What is the tens digit of h?
4
Suppose 0 = -26*a + 40*a - 79394. What is the tens digit of a?
7
Suppose 0 = 3*u + 6 - 0. Let t = u - -45. What is the units digit of t?
3
Let j(b) = 5*b**2 - 8*b - 45. Let p(z) = -9*z**2 + 15*z + 89. Let k(v) = 7*j(v) + 4*p(v). What is the tens digit of k(0)?
4
Let u(f) = f**2 + 5*f + 4. Let d be u(-5). Let t(j) = j**3 - 2*j**2 - 9*j + 14. What is the units digit of t(d)?
0
Let j(u) = 131*u - 61. Let w be j(11). Suppose 2*h + 5*k - 666 = 0, -4*h - 3*k = -5*k - w. What is the hundreds digit of h?
3
Let b be (-395)/(-3 + -2)*1. Let r = 112 - b. Suppose 129 = 4*c + 5*m, 4*c - 5*c + r = m. What is the tens digit of c?
3
Suppose -3*a + 5*a - 4078 = 4*i, 4042 = 2*a + 5*i. What is the tens digit of a?
3
Let q = -71 - -457. What is the units digit of q?
6
Suppose 12838 = -7*o + 44065. What is the thousands digit of o?
4
Let u(h) = 2*h - 4. Let v be u(3). Let l be ((-4)/8)/(v/(-48)). What is the units digit of (-1 - -2)*l - 3?
9
Let g = -228 + 568. Suppose 14*i - 4*i - g = 0. What is the tens digit of i?
3
Suppose 0 = -s - 8*h + 3*h + 1801, -5*h - 20 = 0. What is the thousands digit of s?
1
Suppose 3 = -2*y - 3*c, 4*y = -4*c + 5*c + 29. Let s(u) = 2*u**3 - 11*u**2 + 1. What is the units digit of s(y)?
7
Let t = -3612 + 5285. What is the units digit of t?
3
Let s be (1/2)/(6/12). Let b be (-28)/s*(-4)/2. Suppose 2*i = -0*i + b. What is the units digit of i?
8
Suppose 4*z - 3 - 5 = 0. Suppose s = z*i + 4*s + 6, 2*i = -s - 2. Suppose 4*n - 4*j = -i*j + 148, 2*n = -j + 77. What is the units digit of n?
8
Suppose 5*g = -99 + 39. What is the units digit of (75/10)/((-2)/g)?
5
Let p be (5/(-3))/(6/(-18)). Suppose 2*u = -5*y + 35, -y + 3*u - 15 + p = 0. Suppose -y*l + 48 + 27 = 0. What is the tens digit of l?
1
What is the units digit of (-3)/(60/(-8))*(12 + 1903)?
6
Suppose -y = -596 - 64. What is the hundreds digit of y?
6
Suppose 97*q + 17172 = 100*q. What is the tens digit of q?
2
Suppose 0 = s + s + 8. Let x be -15*s/6 - 0. Suppose -x = -4*w + 18. What is the units digit of w?
7
Let o = 7438 - 3852. What is the tens digit of o?
8
Let d(o) = 6*o + 121. What is the units digit of d(5)?
1
Let b(f) = 14*f + 874. What is the hundreds digit of b(0)?
8
Suppose 8633 = 19*q - 962. What is the units digit of q?
5
Suppose t - 143 = 57. Suppose o + s = -4*s + 66, -4*s + t = 4*o. What is the tens digit of o?
4
Let n = 16 + -18. Let r be -2*(5/n + 1). Suppose -r*f = -2 - 22. What is the units digit of f?
8
Let h = 160 - 89. Suppose -13*m = -12*m - h. What is the units digit of m?
1
Let z(k) = -2*k - 2. Let c be z(7). Let r be ((-4)/c)/((-2)/(-16)). Suppose q - r*q = -26. What is the units digit of q?
6
Suppose -t + 2*t = 328. Suppose -3*o = 0, t = 5*l + o - 267. Let r = -66 + l. What is the units digit of r?
3
Let r(o) = 2*o**2 + 25*o - 30. What is the units digit of r(21)?
7
Let y be 380/(-8)*8/(-10). Suppose y = 4*d - 5*d. What is the units digit of (d/(-1))/((-6)/(-3))?
9
Suppose 16*c = 3*c + 20124. What is the thousands digit of c?
1
Let t be (-12)/(-2)*(-18)/12. Let b be 182/t - 4/(-18). Let k = -1 - b. What is the units digit of k?
9
Suppose 2*h + 2 = -16. Let n be (6/(-4))/(h/(-12)). What is the tens digit of (n/(-8))/((-6)/(-264))?
1
Suppose 4*u = -5 - 11, 35 = 3*w - 2*u. Suppose -w*a = -a + 96. What is the units digit of (8/6)/((-2)/a)?
8
Suppose -5*z + 53 = c - 91, -3*c = -4*z + 100. What is the tens digit of z?
2
Let j(r) = -r**3 + 2*r**2 + 5*r - 4. Let b be j(3). Suppose -53 =